
6
Let c(m) = 15827*m**2 - 2*m. What is the hundreds digit of c(-1)?
8
Suppose -2*d = -d, 0 = -4*z + 5*d + 60. Let o(m) = -m - 47. Let y be o(z). Let h = 71 + y. What is the units digit of h?
9
Let k be -3 + 1 + -15 + 19. What is the units digit of k - (-498 + -6) - 4?
2
Let a be 8/(-30)*-6*25/10. Let s(n) = -6*n - 51. Let u be s(-10). Suppose -u = -d + a. What is the tens digit of d?
1
Let l = -1333 - -2510. Suppose 0*o - o - 1915 = 5*i, 5*o - l = 3*i. Let c = -224 - i. What is the units digit of c?
0
Suppose 67*f = 61*f + 30. Suppose 0 = 4*d - 0*d - f*r - 3736, 4*d - r = 3720. What is the hundreds digit of d?
9
Let z = -62 + -53. Let p = z + 617. Suppose -3*u + j + p = 0, 2*u - 6*u = -4*j - 672. What is the tens digit of u?
6
Let g = -4 - -4. Let n(f) = -3*f + 21. Let h be n(g). What is the tens digit of 12/(-42) - (-5487)/h?
6
Suppose 3392 = 2*p + 3*u + 845, -6336 = -5*p + 3*u. What is the hundreds digit of p?
2
Let b = 1815 - -2290. What is the tens digit of b?
0
Let l be (-12)/(-60) + (-38)/(-10). Suppose -2*o - l = 2*o. What is the tens digit of -1*o/(-1 + 3)*58?
2
What is the ten thousands digit of ((-165)/10 - -16)*2*-26443?
2
Let v = -26135 + 60446. What is the ten thousands digit of v?
3
Suppose 0 = -4*p - n - 102 + 15890, -6*p = n - 23682. What is the units digit of p?
7
Let l(a) = -2*a**3 - 10*a**2 - 13*a - 13. Let i be l(-4). Suppose i*m - 3784 - 2656 = 0. What is the hundreds digit of m?
9
Let k(s) = -s**3 - 7*s**2 + 4*s - 6. Let r be (-1 + 0)/((-17)/68). Suppose 3*v - 3*z + 32 = -5*z, 0 = 2*v - r*z. What is the tens digit of k(v)?
2
What is the ten thousands digit of 16767616/1515 - (-4)/15?
1
Suppose z = -3*j + 19, -4 = -2*j - 2*z + 2. Let q be (-2)/(0 + j/(-12)). Suppose 108 = 2*g - c - q*c, g + 5*c = 75. What is the tens digit of g?
6
Suppose -5*l + 45 = -4*j, -4*l - j = -5*j - 40. Let f(b) = 18*b**2 - 7*b + 24. What is the units digit of f(l)?
9
Let y be 2*(-1)/4*-18. Let i(p) = -2*p + 29. Let z be i(y). Suppose -z - 56 = -m. What is the units digit of m?
7
Let y(a) = a + 111. Suppose 31 = -o + 5*n - 5, -n - 165 = 4*o. Let k = 41 + o. What is the tens digit of y(k)?
1
Suppose -2*x - 5*k + 4408 = 0, -73*k + 75*k - 11041 = -5*x. What is the thousands digit of x?
2
Suppose -19*m - 1061 = -9269. What is the units digit of m?
2
Suppose -46378 = -m - 8*l, 25*l = 22*l - 9. What is the ten thousands digit of m?
4
Suppose -2695*i = -2688*i - 10493. What is the thousands digit of i?
1
Suppose 0 = -4*d - 4*i - 2420, i - 3*i - 1816 = 3*d. Let u = -210 - d. What is the units digit of u?
6
Suppose 33 = -22*m + 25*m. Suppose -4*s + 5*b = m, 4*b - 2 - 11 = -s. What is the hundreds digit of ((-2)/4)/(s*3/(-606))?
1
Let n(x) be the third derivative of -x**5/60 - x**4/24 + 17*x**3/6 - 13*x**2. Let o be n(-10). Let y = o - -134. What is the tens digit of y?
6
What is the thousands digit of (-3565)/92*(-1338)/(-5)*(-18)/27?
6
Let d(p) = 5*p**2 + 12*p - 115. What is the tens digit of d(-28)?
6
Let y(a) = a**2 + 9*a - 10. Let r be y(-10). Suppose 3*m + r*l = -4*l + 2704, 0 = -2*m + 4*l + 1816. What is the hundreds digit of m?
9
Let u be 2/6*27/18*-1622. Let w = -390 - u. What is the hundreds digit of w?
4
Let l(s) = 18*s**3 - 25*s**2 - 3*s - 54. What is the thousands digit of l(7)?
4
Suppose 0 = -10*j + 564 + 2496. What is the hundreds digit of (-168)/(-252)*6*(j - 1)?
2
Suppose v - 775 - 303 = -2*r, 2*v = 4*r - 2164. Let q = 978 - r. What is the tens digit of q?
3
Suppose -2*x = 0, -11*x - 112 = -4*o - 16*x. Suppose 4*h - 2*z - 1772 = 0, h - 421 = -33*z + o*z. What is the hundreds digit of h?
4
Suppose 0 = -t + 33*m - 32*m + 17372, 4*t + 3*m - 69523 = 0. Suppose t = 16*z - 1535. What is the hundreds digit of z?
1
Let l be 162/(-135) + 442/10. Let q = 128 - -5. Let h = q - l. What is the tens digit of h?
9
Let a be ((-2)/6)/((-16585)/4146 + 4). Suppose 586 = 4*k - a. Suppose 0 = -5*n + 2*d - 3*d + 498, d = 5*n - k. What is the tens digit of n?
9
Let h(i) = -i**3 + i**2 + 2*i + 56. Let t be h(0). Suppose 3*k - t = k. What is the units digit of k?
8
Let i(l) = l**3 - 7*l**2 + 10*l + 10. Let p = -100 + 111. What is the units digit of i(p)?
4
Let i(f) = -f**3 + 5*f**2 + 10*f - 6. Let h be i(7). Let b = 46 + h. What is the units digit of ((-426)/9)/(b/(-18))?
1
Let x(b) = -b**2 - 13*b + 116. Let g be x(6). What is the units digit of 2/((1/g)/(-1)) + 87?
3
Suppose 79*n = -124695 + 1197752. What is the tens digit of n?
8
Let v = 2292 + 1612. What is the tens digit of v?
0
Let v(i) = 397*i - 3933. What is the units digit of v(34)?
5
Suppose -2*h + 170 = 5*n - 7*h, -3*n - h + 122 = 0. Let u = -39 + n. Suppose u*f - 486 = -6*f. What is the units digit of f?
1
Let w = -12 - -86. Suppose w = -5*c - 10*b + 7*b, -3*c - 45 = 2*b. Let a = 29 + c. What is the tens digit of a?
1
Suppose 17*g - 35*g + 27702 = 0. Suppose 0 = q - 3*h - 375, -2*h - g = -4*q - 3*h. What is the units digit of q?
4
Let l(m) = 947*m**3 - 14*m + 19. What is the tens digit of l(3)?
4
Let l = -49 + 49. Suppose -4 = -2*c - l. Suppose 7*s + 15 = c*m + 4*s, -4*m + 28 = -4*s. What is the units digit of m?
6
Suppose -68*p = 23*p - 27398 - 197099. What is the units digit of p?
7
Let b = 121411 - 184924. What is the tens digit of 3/(-18) + b/(-54)?
7
What is the tens digit of (2254 + 22)/(4*1)?
6
Let j(h) = 4*h**2 - 23*h + 9. Let l be j(-23). Suppose -5*y + l = m, 4*m + 2*y - 5340 = 2*m. Suppose 8*q = -6*q + m. What is the units digit of q?
1
Let w be (4/(-18) - 88/(-72))*3. Suppose -5*r - 865 = -w*h, -4*h - 5*r + 1200 = -0*r. What is the units digit of ((-1)/5)/((-1)/h)?
9
Let n = -13166 + 36500. What is the hundreds digit of n?
3
Let n = -417 + 1631. What is the units digit of n?
4
Suppose 0 = -5*u + 64 - 44. Let x(y) = 51*y + 3. What is the tens digit of x(u)?
0
Suppose i - 2 = 0, 2*q - 45818 = i + 14648. What is the thousands digit of q?
0
Let h(u) = -2*u**3 - 13*u**2 + 140*u + 249. What is the hundreds digit of h(-20)?
2
Let i(o) = 0 + 0*o - 3 + 9*o. Let y be i(1). Let t(l) = 19*l + 13. What is the tens digit of t(y)?
2
Let j = 146867 + -80542. What is the thousands digit of j?
6
Suppose 4*w - 17*w + 11713 = 0. Let u = 1475 - w. What is the units digit of u?
4
Let q = -138 + 140. Let l(j) = 170*j**2 + 9*j - 1. What is the tens digit of l(q)?
9
What is the units digit of 3/25*-5*(11 + -62676)?
9
Let m be (-1)/((-2)/(-6)*-1). Suppose 3*c - 3*q + 6 = 0, 4*c - 3*q - 52 = -9*q. Suppose -m*f + 7*f = 5*x - 1283, c*f + 8 = 0. What is the hundreds digit of x?
2
Let q(j) = -j**3 + 18*j**2 - 18*j + 2. Let t be q(17). What is the tens digit of 64/48 + (-11170)/t?
4
Let d be ((-4)/4 - 1) + 16316*1. What is the units digit of d/27 - (-4)/(-18)?
4
Suppose 63*l - 71781 - 307983 = 0. What is the hundreds digit of l?
0
Let g = -512 - 473. What is the hundreds digit of 1 - (-1)/((-5)/10) - g?
9
Let k(z) = 2*z**3 - z**2 - 2*z - 12. Let n be k(6). Suppose d - 3*w = 2*w + n, 0 = 2*d + 2*w - 708. Let f = 525 - d. What is the tens digit of f?
6
Let x(b) = -9*b**3 + 2*b - 2. Let h be x(1). Let i = -18 - h. What is the units digit of i/(-21) + (1200/7)/6?
9
Let t(p) = -2*p**3 + 54*p**2 - 33*p - 54. Let u = -466 - -491. What is the units digit of t(u)?
1
Suppose -5*j = -8*j + 31545. Suppose 0 = -14*f + j + 83. What is the units digit of f?
7
Suppose -c - 16 = -19. What is the units digit of -4 - (62/c)/(2/(-45))?
1
Suppose 5*w + 47839 + 2816 = 3*j, 0 = 2*j + 16*w - 33654. What is the thousands digit of j?
6
Let x(r) = r**2 - 4*r - 7. Let f be x(4). Let t = f - -35. Suppose t - 214 = -3*b. What is the units digit of b?
2
Let z = -795 - -1846. What is the tens digit of z?
5
Let i be (-28)/(-35) + 8*3/(-30). Suppose 9*v - 4*x - 356 = 8*v, -3*v + 3*x + 1023 = i. What is the units digit of v?
6
What is the ten thousands digit of 2648376/168 - 1/1*1/7?
1
Suppose 13397 + 3113 = r - 6561. What is the thousands digit of r?
3
Suppose 3*o - 2*c = 88 - 26, -o + 22 = -c. Suppose -11*g = -o*g + 3318. What is the units digit of g?
4
Suppose 4*f - 13*f + 12915 = 0. Let s = f - 827. What is the hundreds digit of s?
6
Let w be 0 + 234/8 - 75/(-100). What is the units digit of ((-24)/w)/(2/(-945))?
8
Let m(f) be the first derivative of -f**4/12 - f**3/6 + 13*f**2 + 8. Let b(v) be the second derivative of m(v). What is the units digit 